t common divisor of x and 266.
2
Let s = -47 + 245. Let d(z) = -2*z + 13. Let w be d(9). Let t be w*9*(-24)/60. Calculate the highest common divisor of s and t.
18
Let k = 1950 - 1946. Let s = -5 + 8. Suppose s*y - 20 = 2*y. What is the highest common factor of y and k?
4
Let s(w) be the first derivative of -w**2/2 - 2*w + 12. Let m be s(-9). Suppose m*c - 5*c - 18 = 0. Calculate the greatest common divisor of 99 and c.
9
Let a(j) = 3*j + 30. Let c = -40 - -30. Let p be a(c). Suppose p*q + 144 = 4*q. What is the highest common divisor of q and 4?
4
Suppose 41*u + 9*u - 720 = -120. Calculate the greatest common divisor of 908 and u.
4
Let d(w) = -5*w**2 - 16*w + 16. Let f be d(-8). Let p be (-38038)/f - (-1)/(-8). What is the highest common divisor of p and 8?
8
Let f be ((-1)/(-2))/(2/4) + -7. Let i be ((-14)/f)/((-6)/108). Let j be ((-294)/(i/(-6)))/(2/(-3)). Calculate the greatest common factor of j and 7.
7
Let m(q) = 2*q**2 - 46*q - 655. Let w be m(35). What is the greatest common divisor of 705 and w?
5
Let d(r) = r**3 + 5*r**2 + 3*r - 2. Let w be d(-4). Suppose w*z = -12*z + 336. Calculate the greatest common divisor of z and 312.
24
Suppose -w + 3*m - 17 + 4 = 0, 2*w - 4*m + 18 = 0. Let z be -4*117/(-108)*(-33)/w. Calculate the greatest common divisor of 65 and z.
13
Let s(l) = l**3 + 6*l**2 + 6*l + 4. Let t be s(-5). Let k be 13 + t + -1 + 1. Let j = k - 7. What is the greatest common divisor of 5 and j?
5
Suppose -3*r = 4*j - 2529, 46*j + 4*r = 48*j - 1226. What is the greatest common divisor of 38 and j?
19
Let q(w) = 37*w - 2. Let j be q(1). Suppose 0 = -3*h - 5*h. Suppose h = -0*a - 4*a + 56. Calculate the greatest common divisor of j and a.
7
Suppose -31*i = -6*i. Suppose -2*s - 229 + 237 = i. Calculate the greatest common divisor of 172 and s.
4
Let t(v) = -v**3 + 11*v**2 - 8*v - 4. Let n be t(6). Suppose -58*r - 58*r + 37120 = 0. What is the highest common divisor of n and r?
64
Let m(c) = 2*c**3 + 139*c**2 - 65*c + 381. Let s be m(-70). Calculate the greatest common factor of s and 4247.
31
Let y(z) = -214*z - 69. Let h be y(-1). Calculate the highest common divisor of 155 and h.
5
Let r(w) = -2*w**3 + w**2 + 27*w + 79. Let h be r(-6). What is the greatest common divisor of 455 and h?
35
Let q be 391/(-119)*-7 - -18. Let o = 1773 + -1076. Calculate the greatest common factor of o and q.
41
Let a be 1 + 2 - (75/(-45) - (-200)/(-15)). Calculate the highest common divisor of 1341 and a.
9
Let c(m) = -m**3 - 16*m**2 + 822*m - 73. Let f be c(-39). What is the highest common factor of f and 460?
92
Let s be 12 + ((-8820)/9)/(-7). What is the greatest common divisor of s and 1330?
38
Suppose -3*h + 6 = -h. Let t = 22 + h. Let i be t/15 - 1 - 548/(-6). Calculate the highest common divisor of i and 230.
46
Let i be -305 - (5 + -6 + 0). Let x = -301 - i. Calculate the greatest common factor of 315 and x.
3
Let n = 6344 + 208. Calculate the highest common factor of n and 108.
36
Let k be 4950/210 + (-3)/(-7). Suppose 30*z = k*z + 570. Calculate the greatest common divisor of 38 and z.
19
Suppose -5*o + 401 = 4*j - 6970, -o + j + 1485 = 0. Suppose -y = -8*y + 609. What is the greatest common factor of o and y?
87
Suppose 9700 = -91*q + 1146. Let z be 622/6 - (-1)/3. Let w = q + z. Calculate the highest common divisor of w and 40.
10
Suppose 0 = 180*h - 186*h + 18. Let v be h/(-3)*(-55 - (3 + -3)). What is the highest common factor of 935 and v?
55
Suppose 0*i = -4*i + 20. Let c(y) = y - 14. Let p be c(i). Let h be p/(378/(-12)) - (-836)/14. Calculate the highest common factor of h and 24.
12
Let b(g) = 2*g**2 + 7*g + 26. Let x be b(-4). Let h = 29 - x. Let u = h - -18. What is the greatest common factor of 17 and u?
17
Let i be 954 + 1 - 17/(408/(-312)). Calculate the highest common divisor of 704 and i.
88
Suppose 48*m + 2*j = 43*m + 596, -5*j - 610 = -5*m. Calculate the greatest common factor of 225 and m.
15
Let d(w) = 13*w**3 + 82*w**2 + 26*w + 19. Let o be d(-6). Suppose 0 = 3*h - 6 - 87. Suppose -x + h = -32. What is the greatest common divisor of x and o?
7
Let f = -23 - -39. Suppose -3 = -2*v + 13. Let o be 182/v - (-35)/28. What is the highest common factor of f and o?
8
Let l = 18 - 12. Let y(r) = 9*r - 84. Let d be y(10). Calculate the greatest common factor of d and l.
6
Let p = -2692 - -2736. What is the highest common factor of 8 and p?
4
Let g be (-160)/(-25) + (-6)/15. Let x be (80/3)/(g/135). What is the greatest common factor of 20 and x?
20
Let l(m) = -m**3 + 8*m + 5. Let x be l(3). Suppose 3*j = -3*n + 108, -5*j + n + 204 = -x*n. Calculate the greatest common divisor of j and 39.
39
Let y be (-3 - 0)/(-3*(1 - (-154)/(-161))). What is the highest common divisor of y and 2438?
23
Let z = 12238 - 11913. What is the highest common divisor of z and 1075?
25
Let o = 34 - -14. Let a be -3 + 11 - 4/2. Let d be 1/((-3)/(-576)*a). What is the greatest common divisor of d and o?
16
Let y(q) = q**3 - 7*q**2 + 11*q - 14. Let x be y(5). Let d be (x - 12)*24/(-9). What is the highest common divisor of d and 49?
7
Let t = 1803 - 1753. What is the greatest common divisor of t and 790?
10
Let w = -756 - -756. Suppose w = 3*p + 14*p - 12750. Calculate the highest common factor of p and 6.
6
Let p be (18 + (-31)/2)*216/2. What is the highest common divisor of 20 and p?
10
Suppose g = -3*j - 15, 3*g - 5*j - 17 = 8. Suppose w + 41 - 316 = g. What is the highest common factor of 25 and w?
25
Suppose c = 2*s - 2181, 52*c - 5433 = -5*s + 48*c. What is the highest common factor of 484 and s?
121
Let b = -116 + 170. Suppose -5*l + 134 = u + 48, 5*u + l - 406 = 0. Calculate the highest common divisor of b and u.
27
Suppose -22*j = -27*j + 10. Suppose -r = 2*i - 2*r - 35, -3*i + 50 = -j*r. What is the greatest common divisor of i and 25?
5
Let o = 28 - 19. Let m(t) = -2*t**3 + t**2 - 7*t + 8. Let g be m(4). Let d be (-345)/(-46)*g/(-10). Calculate the highest common divisor of o and d.
9
Suppose -1877*f + 1872*f + 980 = 0. Calculate the greatest common divisor of f and 42.
14
Let j = -4480 + 6416. Calculate the highest common divisor of 1089 and j.
121
Suppose 15*b + 12*b - 132924 = -17*b. Calculate the highest common factor of b and 477.
159
Let a(v) = 4*v - 25. Let z be a(23). Suppose 2*o = 3*j + 82, 0*o - 5*j + z = o. What is the highest common factor of 423 and o?
47
Let a(q) = -17*q**3 + 3*q**2 - 6*q + 7. Let b be (-4 - 230/(-55)) + 40/22. Let f be a(b). Let v = -94 - f. What is the greatest common factor of 140 and v?
35
Let y be 1/(34650/(-69384) - 2/(-4)). Calculate the highest common factor of y and 295.
59
Let k = 25377 + -25233. Let w be 16*(1 + 0/(-2)). Calculate the greatest common factor of w and k.
16
Let i(f) = -f**3 - 6*f**2 + 5*f + 7. Let o be i(-7). Let t be (-48)/104 - (-150586)/1339. What is the greatest common factor of o and t?
7
Let d(x) = -50*x - 226. Let i be d(-9). What is the greatest common divisor of 25312 and i?
224
Suppose -5 = -5*a - 5*s, -3*a - 3*s + 4*s = -11. Let x = -85 + 97. Suppose -75 = -x*i - a. Calculate the greatest common factor of 30 and i.
6
Let t(l) = -13*l**2 - 3. Let r be t(3). Let s = 136 + r. Calculate the greatest common factor of s and 16.
16
Suppose -4*n + 3*s = -14841, -203*n + 11162 = -200*n + 4*s. Calculate the highest common factor of 30 and n.
6
Suppose -7*v + 2518 + 10782 = 0. Let w be v/14 + (-30)/(-105). Calculate the greatest common divisor of 17 and w.
17
Let p = -132 + 148. Suppose -6*z = -237 - 195. Calculate the highest common factor of p and z.
8
Suppose -21*o = -26*o + 5. Let b be (o/3)/((-10 + 4)/(-2106)). What is the highest common divisor of 78 and b?
39
Suppose 0 = -r + 96 - 94. Suppose 180 = 6*w - r*w. What is the greatest common factor of w and 18?
9
Let k(h) = 14*h - 17. Let d be k(-2). Let t be (-9415)/d + 1/((-27)/6). Calculate the highest common factor of 19 and t.
19
Let z(t) = 48*t**2 + 102*t - 31. Let w be z(-8). Calculate the highest common factor of w and 89.
89
Suppose 4*i + 5356 = 2*l - 1134, 5*i - 9735 = -3*l. What is the highest common divisor of l and 55?
55
Suppose 378 = 445*n - 443*n. Calculate the greatest common divisor of n and 28.
7
Let c(b) = 2*b**3 + 4*b**2 + 2*b - 1. Let o be c(-2). Let g(n) = -12*n - 1. Let j be g(o). Calculate the highest common